 - 6034. Give w(-137).
-6
Let c(f) = f**3 + 25*f**2 + 53*f - 22. What is c(-23)?
-183
Let s(d) = d**2 - 10*d - 30. Calculate s(13).
9
Let l(g) = g**2 + 7*g + 10. Determine l(-5).
0
Let f(h) = -h**3 - 50*h**2 - 53*h - 169. What is f(-49)?
27
Let r(v) = 35*v + 263. Determine r(-8).
-17
Let z(n) = -2*n**3 + 55*n**2 + 104*n - 500. Determine z(29).
-7
Let c(b) = -20*b + 55. What is c(-4)?
135
Let j(b) = -b**2 - 3*b + 28. Calculate j(-7).
0
Let f(d) = d**3 + 20*d**2 - 14*d + 168. Determine f(-21).
21
Let z(d) = d**3 + 17*d**2 - 34*d - 90. Calculate z(-18).
198
Let p(x) = x**3 + 73*x**2 + 91*x + 1345. Determine p(-72).
-23
Let t(b) = 16*b**3 - 33*b**2 + 20*b + 24. Determine t(2).
60
Let a(c) = 605*c + 1163. Give a(-2).
-47
Let k(h) = 3*h + 61. Calculate k(-3).
52
Let i(v) = -119*v + 2238. Give i(16).
334
Let k(q) = -q**2 + 14*q + 280. Calculate k(-12).
-32
Let w(x) = 6*x**2 - 7*x + 9. Calculate w(4).
77
Let b(z) = z**2 - 107*z + 2094. Give b(26).
-12
Let o(i) = i**3 + 2*i**2 + 4*i + 3. Calculate o(0).
3
Let d(o) = o**3 - 53*o**2 - 39*o - 817. Determine d(54).
-7
Let b(y) = y**3 - 12*y**2 - 97*y - 208. What is b(18)?
-10
Let b(w) = -w**3 - 2*w**2 - w + 22. Give b(0).
22
Let b(w) = 118*w - 285. What is b(2)?
-49
Let g(c) = 32*c - 446. Give g(15).
34
Let o(b) = -6*b**2 + 25*b + 19. What is o(-1)?
-12
Let s(l) = l**3 + 6*l**2 - 20*l - 44. Calculate s(-5).
81
Let c(s) = -3*s**3 + 17*s**2 + 23*s - 153. Give c(6).
-51
Let t(n) = 15*n**2 - 13*n - 10. Determine t(-4).
282
Let g(p) = -p**3 - 11*p**2 - 4*p + 42. Calculate g(-10).
-18
Let r(c) = c**3 + 95*c**2 - 104*c - 712. Calculate r(-96).
56
Let r(w) = -10*w**3 + w**2 + 3*w + 3. Calculate r(-1).
11
Let r(h) = 165*h - 473. Calculate r(3).
22
Let h(v) = 19*v**2 + 14*v + 35. Give h(-4).
283
Let r(d) = -2*d**2 + 178*d - 298. Calculate r(88).
-122
Let w(a) = 74*a + 364. Determine w(-9).
-302
Let x(j) = -2*j**3 - 175*j**2 + 90*j + 268. Calculate x(-88).
92
Let l(c) = c**3 + 12*c**2 + 34*c - 8. Determine l(-7).
-1
Let a(w) = 140*w + 406. Calculate a(-3).
-14
Let p(t) = -32*t - 273. Determine p(-8).
-17
Let i(h) = h**3 - 10*h**2 - 65*h + 341. Give i(13).
3
Let q(g) = -g**2 - 24*g - 224. What is q(-10)?
-84
Let d(c) = 1360*c + 19045. What is d(-14)?
5
Let y(x) = -x**3 + 69*x**2 + 215*x - 2. Calculate y(72).
-74
Let k(b) = 11*b**2 + 88*b + 69. Calculate k(-6).
-63
Let j(z) = z**2 + 61*z + 738. Calculate j(-34).
-180
Let n(j) = -40*j - 408. What is n(-10)?
-8
Let w(p) = -11027*p + 44108. What is w(4)?
0
Let h(g) = -56*g**2 + 161*g + 4. Give h(3).
-17
Let h(m) = 2*m**3 + 14*m**2 - 20*m - 179. Determine h(-6).
13
Let c(t) = -66*t - 5. Calculate c(-1).
61
Let f(q) = -q**3 - 13*q**2 + 76*q + 1059. Give f(-10).
-1
Let g(j) = j**3 - 19*j**2 - 45*j + 69. Calculate g(21).
6
Let c(r) = r**2 - 47*r + 225. What is c(5)?
15
Let y(c) = 17*c + 208. What is y(-13)?
-13
Let z(r) = r**3 - 24*r**2 - 35*r + 56. What is z(25)?
-194
Let s(m) = -71*m**3 + 12*m**2 + 7*m - 2. What is s(-1)?
74
Let p(l) = -l**3 + 11*l**2 - 39*l + 51. What is p(11)?
-378
Let y(b) = -34*b - 1750. What is y(-50)?
-50
Let i(h) = -25*h**2 - 7*h - 12. What is i(-3)?
-216
Let s(k) = 16*k - 68. What is s(4)?
-4
Let q(p) = 115*p + 694. Determine q(-5).
119
Let w(p) = 36*p + 1388. Calculate w(-39).
-16
Let n(h) = 139*h + 1452. Calculate n(-11).
-77
Let w(x) = -x**3 + 4*x**2 - 3*x + 24. Calculate w(5).
-16
Let a(h) = -h**2 + 195*h + 5495. What is a(-25)?
-5
Let i(v) = -7*v - 347. What is i(-52)?
17
Let i(k) = 360*k - 45724. What is i(127)?
-4
Let b(d) = 325*d + 74753. Determine b(-230).
3
Let a(d) = 3*d**3 + 36*d**2 + 100*d + 41. Determine a(-8).
9
Let u(f) = -2*f**2 - 3*f + 13. Give u(-4).
-7
Let q(l) = -l**2 + 136*l + 4. Calculate q(137).
-133
Let l(y) = -19*y + 208. Give l(15).
-77
Let t(u) = 93*u + 722. Give t(-8).
-22
Let a(w) = 2*w**3 - 26*w**2 - 50*w + 149. Determine a(15).
299
Let z(i) = -5*i**3 + 201*i**2 - 47*i + 278. What is z(40)?
-2
Let m(y) = -503*y + 12146. Calculate m(24).
74
Let z(u) = u**3 + 36*u**2 + 137*u - 249. What is z(-6)?
9
Let g(p) = 53*p**3 + 2*p**2 - 13*p + 11. What is g(1)?
53
Let z(o) = -o**2 - 48*o - 537. What is z(-17)?
-10
Let q(i) = i**2 - 6*i - 29. Calculate q(7).
-22
Let q(d) = 14*d - 169. Determine q(25).
181
Let h(t) = -2*t**3 + 5*t**2 + 8*t - 1. Give h(-2).
19
Let v(r) = -48*r + 1606. Give v(34).
-26
Let i(z) = -41*z - 1579. What is i(-39)?
20
Let v(z) = 87*z + 1340. Determine v(-19).
-313
Let u(a) = 24*a + 490. Determine u(-15).
130
Let u(a) = -17*a - 140. Determine u(-24).
268
Let q(o) = -o**2 + 2*o - 99. What is q(14)?
-267
Let z(y) = y**2 + 40*y + 525. Calculate z(-12).
189
Let k(q) = -q**3 - 21*q**2 + 78*q + 29. Calculate k(-21).
-1609
Let q(d) = 512*d - 7165. What is q(14)?
3
Let t(k) = -3*k**2 + 91*k - 189. Give t(28).
7
Let i(s) = -s**3 + 24*s**2 - 65*s + 28. Determine i(21).
-14
Let l(s) = -s**2 + 37*s - 271. What is l(23)?
51
Let s(j) = -87*j - 1110. Give s(-5).
-675
Let a(g) = 23*g + 1513. Calculate a(-66).
-5
Let c(s) = 1535*s + 32228. Give c(-21).
-7
Let v(x) = 6068*x - 78888. Determine v(13).
-4
Let x(l) = 2471*l + 2487. Give x(-1).
16
Let i(v) = 4*v**3 + 5*v**2 - 2*v - 3. Give i(3).
144
Let y(j) = -771*j + 8487. Determine y(11).
6
Let g(t) = t**2 + 52*t + 669. Give g(-26).
-7
Let x(m) = -2*m**3 - 4*m**2 + 10. Give x(-3).
28
Let v(i) = -3*i**2 - 35*i + 399. Determine v(7).
7
Let m(q) = 5*q**2 - 26*q + 9. What is m(0)?
9
Let r(d) = 13*d**2 + 58*d - 5. Calculate r(-4).
-29
Let g(n) = -70*n - 74. Determine g(-4).
206
Let p(n) = -28*n + 253. Determine p(7).
57
Let n(w) = w**3 - 3*w**2 - 26*w - 28. Determine n(-3).
-4
Let w(a) = -292*a**2 + 4. Give w(-1).
-288
Let v(t) = 8*t**2 - 439*t + 6023. Give v(27).
2
Let i(l) = -94*l**3 - 469*l**2 + 8*l + 10. Determine i(-5).
-5
Let c(r) = r**2 + 2316*r - 44364. What is c(19)?
1
Let u(a) = -a**2 - 301*a - 20920. Determine u(-192).
8
Let r(y) = y**2 - 21*y + 3. Give r(5).
-77
Let r(b) = -b**3 + 10*b**2 - 33*b + 172. Determine r(8).
36
Let x(k) = 4*k**3 - 22*k**2 - 14*k + 6. Calculate x(6).
-6
Let t(z) = -152*z - 3663. Determine t(-24).
-15
Let v(z) = 2*z - 3. Calculate v(13).
23
Let x(w) = 198*w + 22077. Calculate x(-111).
99
Let v(u) = 18*u**2 - 2589*u - 434. Determine v(144).
-2
Let j(f) = 3*f**2 + 7*f - 8. What is j(1)?
2
Let b(c) = c**2 - 142*c - 1840. What is b(-12)?
8
Let u(z) = 2*z + 135. Give u(-25).
85
Let i(d) = d**3 + 5*d**2 - 47*d + 28. Give i(-10).
-2
Let u(t) = -155*t - 1100. Give u(-7).
-15
Let k(a) = a**3 - 71*a**2 + 100*a - 2024. Calculate k(70).
76
Let d(s) = 3*s**2 - 295*s - 1220. What is d(-4)?
8
Let t(u) = u**3 + 70*u**2 + 273*u + 9302. Calculate t(-68).
-14
Let l(m) = -m**2 + 487*m + 4759. Determine l(-10).
-211
Let z(b) = -2*b**3 - 335*b**2 - 824*b + 146. Determine z(-165).
-19
Let d(v) = -7*v**2 + 29*v + 58. Give d(-5).
-262
Let a(w) = w**3 + 19*w**2 - 87*w + 101. Determine a(-23).
-14
Let i(q) = 11*q**3 - 8*q**2 + 7*q - 4. What is i(2)?
66
Let j(i) = -227*i - 229. Give j(-1).
-2
Let i(n) = 110*n - 1001. Calculate i(9).
-11
Let s(j) = -52*j - 2306. Calculate s(-44).
-18
Let v(f) = -f**3 - 5*f**2 - 482*f - 1890. Give v(-4).
22
Let v(b) = b**3 - 5*b**2 + 23*b - 96. Give v(5).
19
Let z(f) = 22*f - 1839. Determine z(13).
-1553
Let r(z) = -300*z - 269. Calculate r(-1).
31
Let u(v) = -40*v**2 - 45*v - 2. What is u(-4)?
-462
Let k(g) = 23*g + 400. What is k(-22)?
-106
Let v(d) = 2*d**3 + 7*d**2 - 81*d + 55. Determine v(4).
-29
Let h(f) = -f**2 - 10026*f + 60198. What is h(6)?
6
Let u(d) = 3*d**3 + 149*d**2 - 60*d - 433. What is u(-50)?
67
Let j(z) = -2*z**3 + 24*z**2 - 25*z + 11. Give j(10).
161
Let n(t) = t**2 - 180*t - 2747. Calculate n(194).
-31
Let k(t) = -5*t - 68. Give k(-23).
47
Let x(t) = 188*t**2 - 3*t - 2. Determine x(-1).
189
Let g(p) = -p**3 - 60*p**2 - 274*p + 69. What is g(-55)?
14
Let n(o) = o**2 + 1522*o + 16628. Give n(-11).
7
Let d(c) = 22*c**2 + 125*c + 355. Give d(-3).
178
Let d(w) = w**2 - 28*w + 107. What is d(6)?
-25
Let u(n) = 6*n - 64. What is u(-4)?
-88
Let m(u) = u**3 + 9*u**2 + 16*u + 3. What is m(-10)?
-257
Let g(v) = 12*v + 449. Give g(-39).
-19
Let x(f) = -f**2 + 32*f + 3469. Give x(77).
4
Let u(m) = -m**2 + 8*m + 15. Determine u(0).
15
Let n(z) = 563*z - 9576. Determine n(17).
-5
Let p(i) = -i**2 - 126*i - 1033. What is p(-10)?
127